ommon divisor of 88 and f.
11
Suppose v + 4*o = 16, 2*o = -2*v - 1 + 15. What is the highest common divisor of v and 64?
4
Let w = -26 + 16. Let c be (-6)/w - (-372)/5. Let m = 42 - -8. What is the highest common divisor of m and c?
25
Suppose 22 = r - 2*i, 0 = 5*i + 10 + 10. What is the highest common divisor of 126 and r?
14
Let m(u) = u - 1. Let f be m(1). Suppose f = -0*k - k + 15. What is the greatest common factor of k and 6?
3
Let y(v) = v**2 + 3*v + 6. Let z be y(-3). Let o(g) = 2*g - 1. Let t be o(3). Suppose 5*d + t = 15. What is the greatest common divisor of z and d?
2
Let v = 1 - 10. Let d be 8 - 3*6/v. What is the greatest common divisor of d and 80?
10
Let v(y) = y**2 - y - 2. Let b be v(3). Let n = 6 - b. Suppose -2*q + n*t = -2, -2*t - 9 = -4*q + 5. Calculate the highest common factor of q and 18.
6
Let g(q) = -3*q. Let i be g(-4). Suppose 16*w - 32 = i*w. Suppose -3*y + 4*v = 2*y - 96, y - 12 = -v. Calculate the highest common divisor of y and w.
8
Suppose -5*g - 18 = -6*g. What is the highest common factor of 27 and g?
9
Let n = 5 + 0. Suppose 0*p + 5 = 5*y - 3*p, n*p = 25. Suppose 0 = 5*s - 2*f - 8, y*f = -f + 5. What is the greatest common divisor of 14 and s?
2
Let g = 21 + -20. Suppose 5*b - 22 = 3. Calculate the greatest common factor of g and b.
1
Suppose 16 = 4*q - 0. What is the greatest common divisor of q and 28?
4
Let t = -7 + 17. Calculate the highest common factor of t and 15.
5
Suppose -4*a + 7 = -1. Suppose a*x + 66 = 2*z - x, 5*x = -2*z + 66. Calculate the greatest common divisor of 22 and z.
11
Let q = -4 - -2. Let l be 3*-16*1/q. Let n = l + -14. Calculate the highest common divisor of 2 and n.
2
Let h be (18/(-10))/((-15)/150). Calculate the greatest common divisor of h and 27.
9
Let f = 21 - 13. Calculate the greatest common factor of 72 and f.
8
Suppose -6*m + 292 = 28. Calculate the greatest common factor of m and 176.
44
Suppose 0 = -6*f + 7 + 65. What is the greatest common divisor of f and 4?
4
Let u be (1/(-1))/((-2)/130). What is the highest common factor of u and 13?
13
Let u(c) = 14*c**3 + 2*c**2 + 2*c - 3. Let h be u(2). Let n(g) = g + 11. Let y be n(0). Calculate the greatest common factor of y and h.
11
Let s be 3/(6/(-4) + 3). Calculate the greatest common factor of s and 1.
1
Let j(o) = -o**3 + 4*o**2 - 4*o + 2. Let z be j(2). What is the greatest common factor of z and 4?
2
Let q(l) = l + 2. Let n be q(-3). Let r(g) = 3*g**2 - 1. Let v be r(n). Suppose v*w - 74 = 178. What is the highest common factor of 18 and w?
18
Suppose 0*n + n + 250 = 2*h, 2*h - 240 = -4*n. Let w = 30 + h. What is the highest common factor of w and 14?
14
Suppose 105 = -13*r + 18*r. Calculate the greatest common factor of 84 and r.
21
Suppose 3*d + 0 = 33. Calculate the highest common factor of d and 55.
11
Suppose 5*n + 1458 = 8*n. What is the greatest common factor of 54 and n?
54
Suppose 0*t = t - 3*u - 1, -3*t = -4*u + 22. Let f = 32 + t. Calculate the greatest common divisor of 9 and f.
9
Suppose -k + 3*p + 1 = 4, -5*k = 5*p - 5. Suppose z = -4*r + 41 + 27, -r - 5*z + 17 = k. Let d = -9 + r. Calculate the highest common divisor of d and 88.
8
Let w(j) = -24*j - 6. Let c be w(-3). Calculate the greatest common factor of 22 and c.
22
Let b = 92 - 87. What is the greatest common divisor of b and 10?
5
Suppose 4*n + 4 = 36. Let g(r) = 11*r**3 - r**2 + 4*r - 4. Let u be g(2). Calculate the highest common factor of u and n.
8
Suppose 11*l = 4*l - 7. Let p(c) = -3*c - 1. Let g be p(-1). Let s be 2/(g/(-4)*l). What is the greatest common factor of 32 and s?
4
Let c = 119 - 15. What is the highest common factor of 26 and c?
26
Let x(y) = 5*y - 25. Let b be x(10). Let d = -33 - -258. Calculate the greatest common factor of b and d.
25
Suppose -19*r + 75 = -18*r. What is the greatest common divisor of r and 25?
25
Suppose 6*m - 12 = 2*m. Calculate the greatest common factor of m and 27.
3
Suppose -9 = -5*h - 2*t, -t - 4 + 13 = 4*h. Suppose 0 = -h*o - 3*b - 5 + 23, -4*b - 18 = -3*o. What is the highest common factor of 1 and o?
1
Let j(d) = -d**3 + 7*d**2 - 4*d + 2. Let c be j(6). Let i = -131 - -257. Calculate the highest common factor of i and c.
14
Suppose 3*c - 5*c = -480. Calculate the greatest common factor of 30 and c.
30
Let m be -12*-2*10/3. What is the highest common factor of 32 and m?
16
Suppose c = 3*c - 2. Let l be 1*8 - (-1 + c). Let w = 7 - 5. What is the greatest common factor of w and l?
2
Let r(y) = -14*y - 14. Let j be r(-6). What is the highest common divisor of j and 10?
10
Let q(i) = i**3 - 12*i**2 + 20*i + 8. Let p be q(10). Calculate the greatest common divisor of 56 and p.
8
Let d(i) = i**2 - 3*i + 7 - 2*i**2 - 3*i. Let v be d(-5). Suppose -6*j = -j - 300. Calculate the greatest common factor of j and v.
12
Let r(g) = -2*g - 1. Let u be r(-6). Let l = -27 + u. Let f = -7 - l. What is the highest common factor of f and 9?
9
Let h(z) = -z + 5. Let t be h(3). Let x = 3 - t. Let n = -12 + 20. What is the highest common divisor of n and x?
1
Suppose -51 = -w + 13. Let j be 4/(-2) + 2 + 6. Suppose 44 = j*c - 2*c - 4*m, -2*m + 10 = 0. Calculate the highest common divisor of w and c.
16
Suppose -5*n = -14*n + 306. What is the highest common factor of 85 and n?
17
Suppose 5 = c + 2. Suppose -c*z - 13 = -4*z. What is the highest common divisor of z and 26?
13
Suppose 4*l = 2*n - 1 + 19, 5*l - 4*n - 30 = 0. Calculate the highest common divisor of 8 and l.
2
Let k(r) = -r**3 - 8*r**2 + 3*r - 29. Let g be k(-9). Calculate the highest common factor of 5 and g.
5
Let y = 5 - 9. Let d(i) = -i. Let t be d(y). What is the greatest common divisor of t and 10?
2
Let f be 4/6 - 345/(-9). Let p(d) = d**3 + d**2 - d + 13. Let c be p(0). Calculate the greatest common divisor of c and f.
13
Let l be ((-4)/10)/(1/(-60)). Calculate the greatest common factor of l and 8.
8
Suppose -5*b + 9*q = 4*q - 65, -5*b + 59 = q. Let f be ((-3)/6)/(2/(-24)). What is the greatest common factor of f and b?
6
Suppose -3*m = 3*l - 102, -55 - 74 = -4*m + 3*l. What is the highest common factor of m and 11?
11
Suppose 4*o - 18 - 30 = 0. What is the highest common divisor of 18 and o?
6
Let a be 2 + 0/(-2 + 3). Suppose 14 = 2*q - a. Let b = 44 - -20. What is the highest common factor of q and b?
8
Let q = -1 + 1. Suppose 2*v = 6*v - 5*m - 32, q = 5*v - 2*m - 40. Calculate the greatest common divisor of v and 40.
8
Let n(l) = 18*l - 6. Let y be n(4). Let k(v) = -10*v - 6. Let j be k(-5). Calculate the highest common factor of j and y.
22
Let r(q) = 10*q - 15. Let p be r(6). Let y = 15 - 10. Suppose 0 = 2*n - 23 + y. What is the greatest common factor of p and n?
9
Let p(z) = -4*z - 39. Let t be p(-15). Calculate the greatest common divisor of t and 105.
21
Let k(m) = 2*m**3 + 2*m**2 + m - 5. Let h be k(3). Suppose -4*g = g - 50. What is the greatest common divisor of g and h?
10
Let t(m) = m + 44. Let c be t(0). What is the greatest common divisor of 4 and c?
4
Suppose -12 + 3 = -w. Let d(p) = p**3 + 2*p**2 - 3*p - 3. Let j be d(4). Calculate the highest common factor of w and j.
9
Let h be (-6)/10 - (-6)/10. Suppose 3*x = 4*n - h - 9, n + 5*x - 8 = 0. Let i be (-4)/n*-10*3. Calculate the highest common divisor of i and 16.
8
Let h be 12/(-54) + (-22)/(-18) + 59. Calculate the highest common divisor of h and 24.
12
Suppose 33 = 3*n - 2*s, -14 = -3*n + 3*s + 22. What is the greatest common factor of n and 18?
9
Let z be 142/8 + (-1)/(-4). Let c = 131 + -104. Calculate the greatest common divisor of c and z.
9
Suppose n + 3 = 7. Suppose -f + n*f - 18 = 0. Calculate the highest common divisor of f and 24.
6
Let d be (-9)/(18/4)*(-22)/4. What is the highest common factor of 33 and d?
11
Suppose 65 + 7 = 9*v. Suppose 0*p + p - 80 = 0. Suppose k = -k + p. What is the greatest common divisor of v and k?
8
Let g = 19 + -17. What is the highest common factor of 1 and g?
1
Suppose -2*v - 76 = -z + 8, 3*z = -3*v + 270. What is the greatest common factor of 8 and z?
8
Let l(a) = a**3 - 3*a**2 - a - 5. Let o be (-6)/4*20/(-6). Let r be l(o). Calculate the greatest common factor of 20 and r.
20
Let f(i) = -i**2 - 29*i - 43. Let b be f(-27). Calculate the greatest common divisor of b and 99.
11
Let p be (-3)/5 - 13/(-5). What is the greatest common factor o